{"id":85,"date":"2018-05-22T18:33:51","date_gmt":"2018-05-22T18:33:51","guid":{"rendered":"http:\/\/www.game4fun.eu\/www\/?page_id=85"},"modified":"2026-01-05T07:47:52","modified_gmt":"2026-01-05T07:47:52","slug":"kontakty","status":"publish","type":"page","link":"https:\/\/www.game4fun.eu\/?page_id=85","title":{"rendered":"Kontakty"},"content":{"rendered":"<h3 class=\"wk-section-title\">Veden\u00ed<\/h3><div class=\"wk-row\"><div class=\"wk-card\"><strong>bigheada<\/strong><br><a href=\"mailto:bigheada@game4fun.eu\">bigheada@game4fun.eu<\/a><br>DC: bigheada<\/div><div class=\"wk-card\"><strong>Piplovic.<\/strong><br><a href=\"mailto:Piplovic@game4fun.eu\">Piplovic@game4fun.eu<\/a><br>DC: piplovic.<\/div><div class=\"wk-card\"><strong>R1$@14<\/strong><br><a href=\"mailto:Risak@Game4Fun.eu\">Risak@Game4Fun.eu<\/a><br>DC: risaks<\/div><\/div><h3 class=\"wk-section-title\">GTA: San Andreas<\/h3><h4 class=\"wk-subtitle\">Hlavn\u00ed Administr\u00e1tor<\/h4><div class=\"wk-row\"><div class=\"wk-card\"><strong>mxco<\/strong><br><a href=\"mailto:mxco@game4fun.eu\">mxco@game4fun.eu<\/a><br>DC: mxco<\/div><div class=\"wk-card\"><strong>SniperElite123<\/strong><br><a href=\"mailto:sniperelite123@game4fun.eu\">sniperelite123@game4fun.eu<\/a><br>DC: sniperelite123<\/div><\/div><h4 class=\"wk-subtitle\">Administr\u00e1tor<\/h4><div class=\"wk-row\"><div class=\"wk-card\"><strong>Glatius<\/strong><br><a href=\"mailto:Glatius@game4fun.eu\">Glatius@game4fun.eu<\/a><br>DC: glatiuss<\/div><div class=\"wk-card\"><strong>Mercedes<\/strong><br><a href=\"mailto:mercedes@game4fun.eu\">mercedes@game4fun.eu<\/a><br>DC: mercedesqo<\/div><div class=\"wk-card\"><strong>Painkiller22<\/strong><br><a href=\"mailto:Pain@Game4Fun.eu\">Pain@Game4Fun.eu<\/a><br>DC: painey_<\/div><div class=\"wk-card\"><strong>vasha.t<\/strong><br><a href=\"mailto:vaclav@toncer.cz\">vaclav@toncer.cz<\/a><br>DC: vasha.t<\/div><\/div><h4 class=\"wk-subtitle\">Server Master<\/h4><div class=\"wk-row\"><\/div><h4 class=\"wk-subtitle\">Moder\u00e1tor<\/h4><div class=\"wk-row\"><\/div><h4 class=\"wk-subtitle\">Helper<\/h4><div class=\"wk-row\"><\/div><h3 class=\"wk-section-title\">GTA SAMP KB 1vs1 Pool<\/h3><div class=\"wk-row\"><div class=\"wk-card\"><strong>Piplovic.<\/strong><br>Admin<br><a href=\"mailto:Piplovic@game4fun.eu\">Piplovic@game4fun.eu<\/a><br>DC: piplovic.<\/div><div class=\"wk-card\"><strong>Sniperelite123<\/strong><br>Admin<br><a href=\"mailto:sniperelite123@game4fun.eu\">sniperelite123@game4fun.eu<\/a><br>DC: sniperelite123<\/div><\/div><h3 class=\"wk-section-title\">OpenTTD<\/h3><div class=\"wk-row\"><div class=\"wk-card\"><strong>BigHeada<\/strong><br>Hlavn\u00ed Admin<br><a href=\"mailto:bigheada@game4fun.eu\">bigheada@game4fun.eu<\/a><br>DC: bigheada<\/div><div class=\"wk-card\"><strong>Nitrogen<\/strong><br>Admin<br>DC: declomew<\/div><div class=\"wk-card\"><strong>Ghost<\/strong><br>Admin<br><a href=\"mailto:Artic-wolf@seznam.cz\">Artic-wolf@seznam.cz<\/a><br>DC: .ghostcz<\/div><div class=\"wk-card\"><strong>Hardworker (&#8222;M&#8220;)<\/strong><br>Admin<br><\/div><\/div><h3 class=\"wk-section-title\">SCUM<\/h3><div class=\"wk-row\"><div class=\"wk-card\"><strong>Piplovic.<\/strong><br>Hlavn\u00ed Admin<br><a href=\"mailto:Piplovic@game4fun.eu\">Piplovic@game4fun.eu<\/a><br>DC: piplovic.<\/div><div class=\"wk-card\"><strong>Jury<\/strong><br>Admin<br><a href=\"mailto:jury@game4fun.eu\">jury@game4fun.eu<\/a><br>DC: jury0<\/div><\/div><h3 class=\"wk-section-title\">Call Of Duty 4<\/h3><div class=\"wk-row\"><div class=\"wk-card\"><strong>Piplovic.<\/strong><br>Hlavn\u00ed Admin<br><a href=\"mailto:Piplovic@game4fun.eu\">Piplovic@game4fun.eu<\/a><br>DC: piplovic.<\/div><\/div><h3 class=\"wk-section-title\">TeamSpeak3<\/h3><div class=\"wk-row\"><div class=\"wk-card\"><strong>Piplovic.<\/strong><br>Hlavn\u00ed Admin<br><a href=\"mailto:Piplovic@game4fun.eu\">Piplovic@game4fun.eu<\/a><br>DC: piplovic.<\/div><div class=\"wk-card\"><strong>R1$@14<\/strong><br>Z\u00e1stupce Hl.Admina<br><a href=\"mailto:Risak@Game4Fun.eu\">Risak@Game4Fun.eu<\/a><br>DC: risaks<\/div><div class=\"wk-card\"><strong>BigHeada<\/strong><br>Z\u00e1stupce Hl.Admina<br><a href=\"mailto:bigheada@game4fun.eu\">bigheada@game4fun.eu<\/a><br>DC: bigheada<\/div><div class=\"wk-card\"><strong>Arm0r!<\/strong><br>Admin<br><a href=\"mailto:Rapkix@gmail.com\">Rapkix@gmail.com<\/a><br>DC: arm0r8355<\/div><\/div><h3 class=\"wk-section-title\">Discord<\/h3><div class=\"wk-row\"><div class=\"wk-card\"><strong>R1$@14<\/strong><br>Spr\u00e1vce<br><a href=\"mailto:Risak@Game4Fun.eu\">Risak@Game4Fun.eu<\/a><br>DC: risaks<\/div><\/div><h3 class=\"wk-section-title\">Web<\/h3><div class=\"wk-row\"><div class=\"wk-card\"><strong>bigheada<\/strong><br>Spr\u00e1vce<br><a href=\"mailto:bigheada@game4fun.eu\">bigheada@game4fun.eu<\/a><br>DC: bigheada<\/div><div class=\"wk-card\"><strong>Piplovic.<\/strong><br>Spr\u00e1vce (z\u00e1stupce)<br><a href=\"mailto:Piplovic@game4fun.eu\">Piplovic@game4fun.eu<\/a><br>DC: piplovic.<\/div><div class=\"wk-card\"><strong>vasha.t<\/strong><br>Pomocn\u00fd spr\u00e1vce<br><a href=\"mailto:vaclav@toncer.cz\">vaclav@toncer.cz<\/a><br>DC: vasha.t<\/div><div class=\"wk-card\"><strong>mxco<\/strong><br>Pomocn\u00fd spr\u00e1vce<br><a href=\"mailto:mxco@game4fun.eu\">mxco@game4fun.eu<\/a><br>DC: mxco<\/div><\/div>\n","protected":false},"excerpt":{"rendered":"","protected":false},"author":1,"featured_media":0,"parent":0,"menu_order":4,"comment_status":"closed","ping_status":"closed","template":"","meta":{"footnotes":""},"class_list":["post-85","page","type-page","status-publish","hentry"],"yoast_head":"<!-- This site is optimized with the Yoast SEO plugin v27.3 - https:\/\/yoast.com\/product\/yoast-seo-wordpress\/ -->\n<title>Kontakty | Game4Fun.eu - Hern\u00ed sv\u011bt<\/title>\n<meta name=\"robots\" content=\"index, follow, max-snippet:-1, max-image-preview:large, max-video-preview:-1\" \/>\n<link rel=\"canonical\" href=\"https:\/\/www.game4fun.eu\/?page_id=85\" \/>\n<meta property=\"og:locale\" content=\"cs_CZ\" \/>\n<meta property=\"og:type\" content=\"article\" \/>\n<meta property=\"og:title\" content=\"Kontakty | Game4Fun.eu - Hern\u00ed sv\u011bt\" \/>\n<meta property=\"og:url\" content=\"https:\/\/www.game4fun.eu\/?page_id=85\" \/>\n<meta property=\"og:site_name\" content=\"Game4Fun.eu - Hern\u00ed sv\u011bt\" \/>\n<meta property=\"article:modified_time\" content=\"2026-01-05T07:47:52+00:00\" \/>\n<meta name=\"twitter:card\" content=\"summary_large_image\" \/>\n<meta name=\"twitter:label1\" content=\"Odhadovan\u00e1 doba \u010dten\u00ed\" \/>\n\t<meta name=\"twitter:data1\" content=\"1 minuta\" \/>\n<script type=\"application\/ld+json\" class=\"yoast-schema-graph\">{\"@context\":\"https:\\\/\\\/schema.org\",\"@graph\":[{\"@type\":\"WebPage\",\"@id\":\"https:\\\/\\\/www.game4fun.eu\\\/?page_id=85\",\"url\":\"https:\\\/\\\/www.game4fun.eu\\\/?page_id=85\",\"name\":\"Kontakty | Game4Fun.eu - Hern\u00ed sv\u011bt\",\"isPartOf\":{\"@id\":\"https:\\\/\\\/www.game4fun.eu\\\/#website\"},\"datePublished\":\"2018-05-22T18:33:51+00:00\",\"dateModified\":\"2026-01-05T07:47:52+00:00\",\"breadcrumb\":{\"@id\":\"https:\\\/\\\/www.game4fun.eu\\\/?page_id=85#breadcrumb\"},\"inLanguage\":\"cs\",\"potentialAction\":[{\"@type\":\"ReadAction\",\"target\":[\"https:\\\/\\\/www.game4fun.eu\\\/?page_id=85\"]}]},{\"@type\":\"BreadcrumbList\",\"@id\":\"https:\\\/\\\/www.game4fun.eu\\\/?page_id=85#breadcrumb\",\"itemListElement\":[{\"@type\":\"ListItem\",\"position\":1,\"name\":\"Dom\u016f\",\"item\":\"https:\\\/\\\/www.game4fun.eu\\\/\"},{\"@type\":\"ListItem\",\"position\":2,\"name\":\"Kontakty\"}]},{\"@type\":\"WebSite\",\"@id\":\"https:\\\/\\\/www.game4fun.eu\\\/#website\",\"url\":\"https:\\\/\\\/www.game4fun.eu\\\/\",\"name\":\"Game4Fun.eu | \u010cesk\u00fd hern\u00ed port\u00e1l\",\"description\":\"\u010cesk\u00fd hern\u00ed port\u00e1l se servery San Andreas Multiplayer (SAMP), Call of Duty, SCUM, OpenTTD. P\u0159ij\u010fte si zahr\u00e1t!\",\"publisher\":{\"@id\":\"https:\\\/\\\/www.game4fun.eu\\\/#organization\"},\"potentialAction\":[{\"@type\":\"SearchAction\",\"target\":{\"@type\":\"EntryPoint\",\"urlTemplate\":\"https:\\\/\\\/www.game4fun.eu\\\/?s={search_term_string}\"},\"query-input\":{\"@type\":\"PropertyValueSpecification\",\"valueRequired\":true,\"valueName\":\"search_term_string\"}}],\"inLanguage\":\"cs\"},{\"@type\":\"Organization\",\"@id\":\"https:\\\/\\\/www.game4fun.eu\\\/#organization\",\"name\":\"Game4Fun.eu | \u010cesk\u00fd hern\u00ed port\u00e1l\",\"url\":\"https:\\\/\\\/www.game4fun.eu\\\/\",\"logo\":{\"@type\":\"ImageObject\",\"inLanguage\":\"cs\",\"@id\":\"https:\\\/\\\/www.game4fun.eu\\\/#\\\/schema\\\/logo\\\/image\\\/\",\"url\":\"https:\\\/\\\/www.game4fun.eu\\\/wp-content\\\/uploads\\\/2025\\\/10\\\/Game4funlogo.png\",\"contentUrl\":\"https:\\\/\\\/www.game4fun.eu\\\/wp-content\\\/uploads\\\/2025\\\/10\\\/Game4funlogo.png\",\"width\":210,\"height\":94,\"caption\":\"Game4Fun.eu | \u010cesk\u00fd hern\u00ed port\u00e1l\"},\"image\":{\"@id\":\"https:\\\/\\\/www.game4fun.eu\\\/#\\\/schema\\\/logo\\\/image\\\/\"}}]}<\/script>\n<!-- \/ Yoast SEO plugin. -->","yoast_head_json":{"title":"Kontakty | Game4Fun.eu - Hern\u00ed sv\u011bt","robots":{"index":"index","follow":"follow","max-snippet":"max-snippet:-1","max-image-preview":"max-image-preview:large","max-video-preview":"max-video-preview:-1"},"canonical":"https:\/\/www.game4fun.eu\/?page_id=85","og_locale":"cs_CZ","og_type":"article","og_title":"Kontakty | Game4Fun.eu - Hern\u00ed sv\u011bt","og_url":"https:\/\/www.game4fun.eu\/?page_id=85","og_site_name":"Game4Fun.eu - Hern\u00ed sv\u011bt","article_modified_time":"2026-01-05T07:47:52+00:00","twitter_card":"summary_large_image","twitter_misc":{"Odhadovan\u00e1 doba \u010dten\u00ed":"1 minuta"},"schema":{"@context":"https:\/\/schema.org","@graph":[{"@type":"WebPage","@id":"https:\/\/www.game4fun.eu\/?page_id=85","url":"https:\/\/www.game4fun.eu\/?page_id=85","name":"Kontakty | Game4Fun.eu - Hern\u00ed sv\u011bt","isPartOf":{"@id":"https:\/\/www.game4fun.eu\/#website"},"datePublished":"2018-05-22T18:33:51+00:00","dateModified":"2026-01-05T07:47:52+00:00","breadcrumb":{"@id":"https:\/\/www.game4fun.eu\/?page_id=85#breadcrumb"},"inLanguage":"cs","potentialAction":[{"@type":"ReadAction","target":["https:\/\/www.game4fun.eu\/?page_id=85"]}]},{"@type":"BreadcrumbList","@id":"https:\/\/www.game4fun.eu\/?page_id=85#breadcrumb","itemListElement":[{"@type":"ListItem","position":1,"name":"Dom\u016f","item":"https:\/\/www.game4fun.eu\/"},{"@type":"ListItem","position":2,"name":"Kontakty"}]},{"@type":"WebSite","@id":"https:\/\/www.game4fun.eu\/#website","url":"https:\/\/www.game4fun.eu\/","name":"Game4Fun.eu | \u010cesk\u00fd hern\u00ed port\u00e1l","description":"\u010cesk\u00fd hern\u00ed port\u00e1l se servery San Andreas Multiplayer (SAMP), Call of Duty, SCUM, OpenTTD. P\u0159ij\u010fte si zahr\u00e1t!","publisher":{"@id":"https:\/\/www.game4fun.eu\/#organization"},"potentialAction":[{"@type":"SearchAction","target":{"@type":"EntryPoint","urlTemplate":"https:\/\/www.game4fun.eu\/?s={search_term_string}"},"query-input":{"@type":"PropertyValueSpecification","valueRequired":true,"valueName":"search_term_string"}}],"inLanguage":"cs"},{"@type":"Organization","@id":"https:\/\/www.game4fun.eu\/#organization","name":"Game4Fun.eu | \u010cesk\u00fd hern\u00ed port\u00e1l","url":"https:\/\/www.game4fun.eu\/","logo":{"@type":"ImageObject","inLanguage":"cs","@id":"https:\/\/www.game4fun.eu\/#\/schema\/logo\/image\/","url":"https:\/\/www.game4fun.eu\/wp-content\/uploads\/2025\/10\/Game4funlogo.png","contentUrl":"https:\/\/www.game4fun.eu\/wp-content\/uploads\/2025\/10\/Game4funlogo.png","width":210,"height":94,"caption":"Game4Fun.eu | \u010cesk\u00fd hern\u00ed port\u00e1l"},"image":{"@id":"https:\/\/www.game4fun.eu\/#\/schema\/logo\/image\/"}}]}},"_links":{"self":[{"href":"https:\/\/www.game4fun.eu\/index.php?rest_route=\/wp\/v2\/pages\/85","targetHints":{"allow":["GET"]}}],"collection":[{"href":"https:\/\/www.game4fun.eu\/index.php?rest_route=\/wp\/v2\/pages"}],"about":[{"href":"https:\/\/www.game4fun.eu\/index.php?rest_route=\/wp\/v2\/types\/page"}],"author":[{"embeddable":true,"href":"https:\/\/www.game4fun.eu\/index.php?rest_route=\/wp\/v2\/users\/1"}],"replies":[{"embeddable":true,"href":"https:\/\/www.game4fun.eu\/index.php?rest_route=%2Fwp%2Fv2%2Fcomments&post=85"}],"version-history":[{"count":17,"href":"https:\/\/www.game4fun.eu\/index.php?rest_route=\/wp\/v2\/pages\/85\/revisions"}],"predecessor-version":[{"id":2833,"href":"https:\/\/www.game4fun.eu\/index.php?rest_route=\/wp\/v2\/pages\/85\/revisions\/2833"}],"wp:attachment":[{"href":"https:\/\/www.game4fun.eu\/index.php?rest_route=%2Fwp%2Fv2%2Fmedia&parent=85"}],"curies":[{"name":"wp","href":"https:\/\/api.w.org\/{rel}","templated":true}]}}